9 = d. What are the prime factors of j?
2
What are the prime factors of ((-11735)/25)/(-1) - 8/20?
7, 67
Let x = 2166 - 1498. What are the prime factors of x?
2, 167
Let p = -538 + 1218. List the prime factors of p.
2, 5, 17
Let g(a) = -3*a + 3. Let w be g(5). Let f = w - -36. Suppose -o = 3*o - f. List the prime factors of o.
2, 3
List the prime factors of (-3 + 295)*15/6.
2, 5, 73
Let d(t) be the first derivative of -4*t**3/3 + 9*t**2/2 - 1. Let s be d(8). List the prime factors of s/(-10) + (-10)/25.
2, 3
Let f = -1940 - -3264. List the prime factors of f.
2, 331
Let n = -16 - -85. What are the prime factors of n?
3, 23
Let c(d) be the third derivative of -d**4/12 - d**3/3 - 5*d**2. Let v be c(-6). Let z = v - 0. List the prime factors of z.
2, 5
Let k(x) be the second derivative of x**5/2 - x**3/6 + x**2/2 + 10*x. What are the prime factors of k(1)?
2, 5
Suppose h + 3*k - 4568 = -4*h, -4*k = -3*h + 2735. What are the prime factors of h?
11, 83
Suppose 0 = l - 0*r + 2*r + 20, -2*l - r - 43 = 0. Let j(g) = -g**2 + 7*g + 3. Let k be j(10). Let i = l - k. List the prime factors of i.
5
Let b be ((-2)/(-6))/(2/30). Suppose -2*t + t = -b. Let z = t - -1. List the prime factors of z.
2, 3
Let s(l) = 1 - 3*l**2 + 0*l**2 + 2*l**2 + 9*l - 8. Let h be s(7). Suppose 6*j + 34 = h*j. List the prime factors of j.
2, 17
Suppose -q - 4*n = 3, -q - 4*n = 2*q + 1. List the prime factors of (-12)/10*(q + 172/(-12)).
2
Suppose 5*k + 180 = 2*p + 3*p, 0 = -5*p - 2*k + 173. What are the prime factors of 122/5*p/14?
61
Let k = -1597 + 2863. List the prime factors of k.
2, 3, 211
Suppose -3*c = 6*c - 207. Suppose 151 = 2*x + c. What are the prime factors of x?
2
What are the prime factors of (-3)/8 - (-20020)/224?
89
Let g(b) = b**3 + 4*b**2. Let w be g(-4). Let v be (-6 - w)/2 + 5. Suppose 2*h + v*i = -3*i + 65, 3*h = i + 72. What are the prime factors of h?
5
Suppose -2*x + 3*f - f + 72 = 0, -5*f = 3*x - 148. Suppose -5*v + x = -354. What are the prime factors of v?
79
What are the prime factors of (-34)/51 + (-1406)/(-3)?
2, 3, 13
Let j = -50 - -34. Let h = -7 - j. Suppose 0 = -m + k + h + 11, 0 = -5*k - 5. List the prime factors of m.
19
Let z(t) be the first derivative of t**2/2 + 3*t + 6. List the prime factors of z(4).
7
Let f(g) = -2*g + 27. Let j(u) = -u + 13. Let a(v) = 3*f(v) - 5*j(v). Suppose 0 = -n - 3, -6*z + 4*z + 2*n = -32. What are the prime factors of a(z)?
3
Suppose -2*n - 3*z = -648, 5*n + 3*z - 1068 = 552. List the prime factors of n.
2, 3
Let o(l) = -l**3 + 7*l**2 + 2*l - 5. Let u be o(7). Suppose 3*p + u = 6*p. Suppose -i = -0*i - 2, p*d - 69 = 3*i. What are the prime factors of d?
5
Let v(b) = 4*b - 24. Let k be v(10). What are the prime factors of 0 + -4 - (-2048)/k?
2, 31
Suppose -4*x + 4*b = 2*b - 28, 2*x - 30 = 5*b. Suppose -h - 76 = -n, -n + 509 = -x*h + 113. Let c = 119 + h. What are the prime factors of c?
3, 13
Let x(p) be the third derivative of 37*p**5/20 - p**4/8 + p**3/3 - 28*p**2. What are the prime factors of x(1)?
2, 5, 11
Let y = 137 + -135. Suppose -2*o = -0*b - 4*b + 206, -2*o = -2*b + 100. Suppose -y*l + 3*l - b = 0. What are the prime factors of l?
53
Let z(a) = -6*a + 4. Let o(m) = -6*m + 3. Let t(w) = 5*o(w) - 4*z(w). Suppose -34*r - 56 = 80. List the prime factors of t(r).
23
Let c(f) = 3*f**2 + 27*f - 111. What are the prime factors of c(22)?
3, 5, 43
Suppose 24*x - 29320 = -16*x. What are the prime factors of x?
733
Suppose -28*y = -33*y + 2065. List the prime factors of y.
7, 59
Suppose -m - 5*p = -2*p + 3, 16 = 4*m - 2*p. Suppose 0 = m*z - 27 - 93. List the prime factors of z.
2, 5
Suppose -3390 = -3*m - 3*r, -8*r + 3*r = 3*m - 3386. List the prime factors of m.
2, 283
Suppose -2*n + x + 930 = 0, -13*n = -18*n + 4*x + 2325. What are the prime factors of n?
3, 5, 31
Let t(i) = i**3 - 15*i**2 + 15*i + 12. Let y be t(14). Suppose 0 = -k + 3*n + 140 - y, k - 2*n = 109. List the prime factors of k.
3, 11
Let v(h) be the second derivative of -h**4/3 + 7*h**3/6 + 9*h**2/2 - 4*h. Let p(z) be the first derivative of v(z). List the prime factors of p(-4).
3, 13
Let v(p) = -3*p**2 + 1 - p - p**3 - 3 + 4*p**3 - 2*p. Let a be v(-2). Let c = a - -68. List the prime factors of c.
2, 3
Let y = 65 + -29. Let m = -155 + 134. Let v = y + m. List the prime factors of v.
3, 5
Suppose 0 = -0*u + 3*u - 3. Suppose -v - 3*o = 2*v + 21, 0 = -o + u. List the prime factors of (v - -3)*82/(-10).
41
Let r(i) = i**2 + i - 5. Let y be r(-2). List the prime factors of (y - -1)*11/(-2).
11
Let o = 4 + 1. Suppose -5*d + 22 = -2*g - 0*g, o*g + 4*d = -55. Let v = g + 17. What are the prime factors of v?
2, 3
Suppose 11*c - 164 + 32 = 0. Suppose 4*n - 546 = -3*b + 33, 0 = 4*n - c. What are the prime factors of b?
3, 7
Let a(d) = -2*d + 196. List the prime factors of a(-40).
2, 3, 23
Let k = 377 - 11. List the prime factors of k.
2, 3, 61
Let q(s) = s**3 + 11*s**2 + 21*s + 10. Let k be q(-9). Let i(b) = b**2 + 12*b - 30. What are the prime factors of i(k)?
5, 11
Let r(h) = 80*h + 34. Let o be r(10). Suppose o = 7*g - 20. What are the prime factors of g?
2, 61
Suppose 11*z = 6*z. Suppose -5*q + 8 + 342 = z. What are the prime factors of q?
2, 5, 7
Let n = 701 - 364. List the prime factors of n.
337
Let v = -5 + 7. Suppose -2*p - v = -3*q, -4*p + 2*p = -2*q. Suppose 0*k = -p*k + 82. List the prime factors of k.
41
Let h(y) = y**2 + 30 - 7*y**3 - 2*y**2 + y + 0*y**3 + 6*y**3. What are the prime factors of h(0)?
2, 3, 5
List the prime factors of (-83096)/(-85) + 4/10.
2, 3, 163
Let u be 0 - (-10)/15*-6. What are the prime factors of u + (-260)/(-5) - -1?
7
Let t(j) = -22*j - 56. What are the prime factors of t(-13)?
2, 5, 23
Let m = -80 + 556. List the prime factors of m.
2, 7, 17
What are the prime factors of 47 - (-6 - (-66)/6)?
2, 3, 7
Suppose 5*a + 206 = -3*q + 4*a, -2*a = -4*q - 278. Let v = q - -168. List the prime factors of v.
3, 11
Let o(h) = h**2 + 6*h - 9. Let v be o(-8). Suppose -v*m - 220 = -1102. Suppose t - 3*t = -m. What are the prime factors of t?
3, 7
Suppose 0*i + 250 = -5*i. Let c = i + 108. What are the prime factors of c?
2, 29
Suppose 2*a - 274 = 52. Suppose 6 = -5*n - 14, -5*n + a = 3*r. List the prime factors of r.
61
Suppose -o = 4*p + 1831 - 11794, p + 3*o - 2488 = 0. What are the prime factors of p?
47, 53
What are the prime factors of 1 + (6 - -1913) + 9?
3, 643
Suppose 10 = -4*h + 18. What are the prime factors of (-126)/(-30) - h - (-1)/(-5)?
2
Suppose 5*d = -5350 + 23360. What are the prime factors of d?
2, 1801
Suppose n = o - 0*o - 6, -2*o + 4*n = -18. Suppose -i - 496 = o*i. Let r = -76 - i. List the prime factors of r.
2, 3
Suppose 5*b = 2*f - 511 + 2774, 0 = 2*b + 4*f - 910. List the prime factors of b.
3, 151
Let x(f) = 2*f**2 + 9*f - 5. Let z be x(-5). Suppose -3*i + 5 = -p, z = -i - 0*i + 2*p. What are the prime factors of i?
2
Suppose -13 + 3 = -5*c. What are the prime factors of (1 + 0)/(c/108)?
2, 3
Suppose -2*y = 6, -134 = -0*k - k + 5*y. Suppose -5*b = 2*c - 405, 2*c + k + 124 = 3*b. List the prime factors of b.
3
Suppose 219 = c - 0*c + 3*h, -5*h = -4*c + 825. List the prime factors of (78/10)/(14/c).
3, 13
Let v(a) = 6*a**2 - 2*a + 24. List the prime factors of v(8).
2, 7
Let f = -118 - -9. Let n = f - -223. List the prime factors of n.
2, 3, 19
Suppose -17 - 13 = -2*u. Let w = 162 - u. List the prime factors of w.
3, 7
Let g(z) = -z**3 - 10*z**2 + 6*z + 3. Let l be g(-11). Suppose 0 = -2*u - 0*u - l. Let c = 54 + u. List the prime factors of c.
5
Let b be 1 - (-572)/(-8)*-2. Let h be b/14 + 8/(-28). Let j = -3 + h. What are the prime factors of j?
7
Let j(k) = 0*k - 1 + 0 + 3*k**2 - 4*k + 6. List the prime factors of j(4).
37
Let x = 1558 - 897. Let j = x + -426. List the prime factors of j.
5, 47
Let d(c) = -c**3 + 2*c**2 - 7*c + 4. Let p be d(6). Let t(r) = -r - 4. Let z be t(-8). List the prime factors of ((-6)/z)/(39/p).
7
Let h(q) = q**3 - 5*q**2 + 2*q + 11. Let c be h(4). List the prime factors of -1 - 1/(((-9)/111)/c).
2, 3
What are the prime factors of 2 + (0 - 7)/((-3)/210)?
2, 3, 41
Let j = -1 - -5. Suppose -4 - j = 4*v. Let s(q) = -2*q**3 - 2*q**2 + q - 1. List the prime factors of s(v).
5
Let p(j) = j**3 - j**2 - 2*j + 4. Let k be p(3). Suppose 4*y + k = 0, -g + 5*g + 72 = 5*y. List the prime 